4 + 1 = -n*l. Suppose 2*b - m - 105 = 0, -m = -8*b + l*b + 270. Is b prime?
False
Suppose 4*b + 165 = 5*z, z - 23 = 2*b + 10. Is ((-61)/2)/(z/(-198)) composite?
True
Suppose 0 = l + 3, 13383 + 22302 = 3*g + 2*l. Is g composite?
False
Let i(k) = -k**3 + 12*k**2 + 7*k - 7. Suppose 0*r - 5*o = 2*r - 37, -5*r + 2*o = -49. Let a be i(r). Suppose 20 + a = l. Is l prime?
True
Suppose 0 = -2*g - 8, -k - 5*g + 5536 = k. Suppose 5*j + 683 - k = 0. Is j composite?
False
Let u(m) = -m**2 + 4. Let a be u(-4). Is (8285/20)/((-3)/a) prime?
True
Suppose i - 61 - 37 = -3*z, -3*z = 5*i - 82. Let x = 36 - z. Is (-1)/((-1805)/(-905) - x) a composite number?
False
Suppose 2*b + 0*b = 6. Suppose -30 = 2*r + 5*a + 2, 0 = -3*r - b*a - 30. Is (-2)/6 - 152/r composite?
True
Suppose 2*w = -5*v - 6 + 39, 2*w - 18 = -2*v. Let u = w + 0. Suppose -4*z + 2*z + 96 = u*b, 4*z + 84 = 4*b. Is b composite?
False
Suppose 5*a - 4*m + 2*m - 3374 = 0, 3*a - 2012 = -5*m. Let y = a + 27. Suppose 11*d = 10*d + y. Is d a prime number?
True
Let m(q) = 171*q**2 + 2*q - 7. Is m(-12) a prime number?
True
Let j(r) = 125*r**2 - 10*r - 48. Is j(-5) prime?
False
Let o(w) = -2*w + 1. Let m be o(-1). Suppose -y = 3*z - z - 543, m*z = 15. Is y prime?
False
Let b = -14379 - -75602. Is b prime?
True
Let g = 225 + 386. Suppose -5*l = -5*f - 3135, -f = l + 2*f - g. Is l a composite number?
True
Suppose -12*s + 7*s = 0. Let k be ((-14)/4 - -3)*s. Suppose k = 4*h - 2*t - 562 - 1026, -5*h = -3*t - 1985. Is h a prime number?
True
Let x(c) = -c**3 + 9*c**2 - c + 7. Let l be (9/9)/(1/9). Let m be x(l). Is ((-1)/m)/(2/92) a composite number?
False
Let s(j) = 5*j**2 - 9*j + 15. Is s(8) prime?
True
Suppose 3*c = 4*n - 6*n + 5683, 4*c = -3*n + 8523. Is n a composite number?
False
Let n(z) = 6*z + 9. Let h(w) = 17*w + 26. Let y(d) = 4*h(d) - 11*n(d). Let f be y(0). Suppose -f*i = -4*i - 707. Is i composite?
True
Suppose -12 = -3*t + i, 4*t + 2*i = -2*i. Suppose -20 = -4*u, o - 2*u - 1162 = -t*o. Is o prime?
True
Suppose 99*t - 34*t = 686335. Is t composite?
False
Let y = -50343 - -70570. Is y a composite number?
True
Let q(c) = -c**3 - 4*c**2 - 4*c - 2. Let i be q(-4). Let r(p) = -6*p + 9. Let y be r(1). Suppose y*k - 100 = i. Is k a prime number?
False
Let o(j) = -108*j**3 - 2*j**2 + j - 1. Let l = 26 + -24. Let p be o(l). Is p/13*(-2 - -1) a prime number?
True
Let j(g) = 6*g**3 - 3*g**2 + 3*g - 1. Let k be j(1). Suppose -l = -1, -2*t + k*l - 11810 = -5*t. Is t prime?
False
Suppose 8*o - r = 12*o - 76696, 2*o - 38348 = 5*r. Is o a prime number?
False
Let h(z) be the first derivative of 3*z**4/8 - 7*z**3/6 - 2*z**2 - 5. Let q(g) be the second derivative of h(g). Is q(14) prime?
False
Is 20474 + ((-30)/4)/((-250)/100) prime?
True
Suppose 0 = -3*i - 5*d + 18, 0*i + 6 = i - 2*d. Suppose -i = j + 5*j. Is 582 + ((-3)/j - 2) a prime number?
False
Suppose 0 = -5*x - 15, -2*f = x + 2*x + 3. Suppose -m - 1257 = -4*m - f*i, -5*i = m - 407. Is m prime?
False
Suppose -40*n - 10 = -42*n. Suppose -2*q + 1959 = -2*s - 943, 0 = n*q + 5*s - 7255. Is q prime?
True
Let z(b) = -2*b**2 + b + 15. Let r be z(-3). Is (r - (-16964)/16) + (-3)/(-4) a prime number?
False
Suppose 7*g - 4*g + 4242 = 0. Let v = g - -2591. Is v prime?
False
Let b(l) = -l**3 - 9*l**2 - 2*l + 9. Let x be b(-5). Let p = -2 - x. Is p prime?
True
Suppose 0 = 4*q + 3*r - 61755, q + r = 4028 + 11410. Is q composite?
True
Let n = -44 - -229. Let m = -100 + n. Is m prime?
False
Let s = -19740 - -55309. Is s composite?
False
Let n = 0 + 5. Suppose n*r - 334 = 821. Suppose -2*q + 5 = -q, -4*c + r = -q. Is c a composite number?
False
Let q = 1650 - 837. Is q prime?
False
Let i = -102 + 99. Let y(h) = -5*h**3 - 2*h**2 + 2*h - 8. Is y(i) prime?
True
Let t(l) = -255*l + 43. Let n(u) = -509*u + 87. Let m(j) = -2*n(j) + 5*t(j). Is m(-16) composite?
False
Suppose -y + 312 = -4*y. Let t = y - -191. Is t prime?
False
Suppose -185293 = -11*n + 160866. Is n prime?
True
Let t = 431 - -130. Let k = t + -2124. Is -2*4/24*k a composite number?
False
Let v(o) = 2*o**2 + 23*o - 128. Is v(-34) a prime number?
False
Let z(g) = 7*g + 13. Let r be z(2). Is -116*(r/(-12) + 3 + -5) composite?
True
Let y be (2179 - -16) + 4/1. Suppose -2*r + 1668 = 3*d + r, 4*d - y = r. Is d composite?
True
Let g be 2/4*(-2 + 2). Suppose -r = -5*v - 3*r + 245, 2*r + 225 = 5*v. Suppose -3*y + 2*y + v = g. Is y a prime number?
True
Let j = 2369 - 6794. Let b = j + 9046. Is b prime?
True
Suppose -n + 53316 = 3*b, -5*b + 88868 = 63*n - 64*n. Is b prime?
False
Let o be 2 - 0/(1/(-1)). Suppose 885 = 3*v - o*v. Suppose v = 5*g - 0*g. Is g a prime number?
False
Let n = -14 - -16. Suppose -t = n*d - 134 - 121, 3*d - 378 = 3*t. Is d composite?
False
Let y(j) = j**2 + 2*j - 1. Let q(t) = 62*t**2 + 7*t - 2. Let o(z) = q(z) - 3*y(z). Suppose -c + k - 2 = -9, 5*k + 33 = 4*c. Is o(c) composite?
False
Let w = 32 - 35. Suppose 2 = 2*l - 0*l. Is w/(l - -2) + 27 prime?
False
Let g(l) = -l**3 + 11*l**2 - 18*l + 7. Let x be g(9). Suppose 2*p = -r + 1543, -2*r + 4*p + 3086 = x*p. Is r composite?
False
Suppose -5*p = -6*p + 50. Let a be (-8)/(-10)*(p + 0). Let u = a - 7. Is u a composite number?
True
Suppose -2*m + 3*m - 12 = 4*s, -5*m - 2*s = 28. Let k = -10 - m. Is ((-4)/k)/(3/711) prime?
False
Suppose 2*t - 7*t = -4*w - 3, -2*w - 4*t = 8. Is 4325/(-15)*6/w a prime number?
False
Let p(f) = -f**2 + 5*f + 1. Let r be p(4). Suppose -r*x + 90 = -365. Is x composite?
True
Let v = 7 + -2. Suppose v*s = s + 1048. Suppose y + s = 3*y. Is y composite?
False
Let n(t) = -568*t - 63. Is n(-3) prime?
False
Let q(w) = -970*w**3. Let c be q(-1). Let h = c - 337. Is h/5 - (-4)/10 composite?
False
Suppose 5*c + 5*g - 48765 = 0, -4*g = -2*c - 0*c + 19512. Let n be c + 2*2/(-1). Suppose 0*x = 5*p + 5*x - n, 1946 = p - 3*x. Is p a prime number?
True
Suppose -36*u - 35225 + 113669 = 0. Is u prime?
True
Let r = -4131 + 6362. Suppose r = 4*y - 909. Is y a composite number?
True
Let z be 2*(104 - -4 - 2). Let x = z + -385. Let u = -94 - x. Is u composite?
False
Suppose -69*r + 70*r - z - 38426 = 0, 2*r = -4*z + 76882. Is r a prime number?
True
Suppose 0 = 2*x - 3*u - 163, 3*x - 65 = 2*x - 4*u. Suppose -i + x = -90. Is i a prime number?
True
Is 16/((-64)/(-6)) + (-117775)/(-2) composite?
False
Suppose 33 = 6*x + 3. Suppose h - 363 = -3*h - x*o, 0 = o + 5. Is h a composite number?
False
Suppose 0 = 9*m + 3446 - 58589. Is m prime?
False
Let y be (20/(-6))/((-2)/6). Let p(i) = 2*i**3 - 32*i**2 + 13*i - 18. Let l(n) = -n**3 + 15*n**2 - 7*n + 9. Let g(z) = 5*l(z) + 2*p(z). Is g(y) prime?
True
Let i(s) = -22*s**2 - 2*s + 43*s**2 + 2 - 1. Is i(-6) composite?
False
Let t be 8/(1 - (-1 - -4)). Is (t - -4 - 321)*(-14)/6 composite?
True
Let q(o) = 43*o**3 - 2*o**2 + 19*o - 21. Is q(8) composite?
True
Suppose -692355 = -27*a + 40398. Is a prime?
False
Let a(y) = 2*y**2 - 24*y + 24. Let i be a(11). Suppose -4*o + 1582 = -i*o. Is o a prime number?
False
Let q(v) be the first derivative of v**4/4 - 13*v**3/3 + 19*v**2/2 + 10*v - 1. Is q(15) a composite number?
True
Suppose 2*n - 3*n + 9 = 0. Let r = n - 3. Is (-24)/16*(-316)/r composite?
False
Suppose 2*c = 5*g - 329, -2*c - 3*c - 875 = 5*g. Let r = 96 + c. Is -5*(r/20)/1 composite?
False
Suppose 5*u + 2 = -8, -5*y = 2*u - 32141. Is y a composite number?
True
Let m be (-16)/(-56) - (-68)/7. Let x = -6 + m. Suppose 0*t - 2716 = -x*t. Is t a prime number?
False
Suppose 4 = n + 3*n. Let x = -3 + n. Is (-3 - 191)*1/x composite?
False
Let z = -609 + 1028. Suppose 24 - z = -5*r. Is r composite?
False
Let j be 5 + -9 + -1 + 5. Suppose -2*u + x + 1835 = 0, u + 3*x - 928 = -j*u. Is u composite?
False
Suppose 3*p - 7079 = 7246. Suppose -2*d + p = 3*d. Is d a prime number?
False
Suppose 4*d = d - 12. Let p(s) = -327*s - 1. Let w be p(d). Suppose 4*o - 2*c - w = c, 2*o = -3*c + 667. Is o a composite number?
True
Let b(q) = -6*q + 19. Is b(0) a prime number?
True
Suppose -f = -8*c + 11*c - 33641, 0 = -c - 5*f + 11223. Is c a prime number?
True
Let h = 205 - 137. Suppose -2*q = -q - h. Let f = -13 + q. Is f prime?
False
Let b(c) = 240*c + 94. Is b(24) a composite number?
True
Suppose 117*v = 118*v - 8849. Is v prime?
True
Let k be (1 - 0)/1 + -6. Let u = k - -11. Suppose 0 = w + j - 2*j - 334, -2*j = -u. Is w composite?
False
Let